{"id":49,"date":"2015-10-14T22:08:31","date_gmt":"2015-10-14T21:08:31","guid":{"rendered":"http:\/\/blog.addap13.net\/psc\/?page_id=49"},"modified":"2016-10-07T09:35:23","modified_gmt":"2016-10-07T07:35:23","slug":"bilans","status":"publish","type":"page","link":"https:\/\/blog.addap13.net\/psc\/dispositif-hts\/college-jean-claude-izzo\/bilans\/","title":{"rendered":"4- Bilans"},"content":{"rendered":"<h4><\/h4>\n<h4><\/h4>\n<h4><span style=\"color: #000000\">Voici les derniers bilans pour le coll\u00e8ge Jean-Claude Izzo\u00a0:<\/span><\/h4>\n<h4><span style=\"color: #0000ff\"><a style=\"color: #0000ff\" href=\"http:\/\/blog.addap13.net\/psc\/wp-content\/uploads\/sites\/11\/2015\/10\/Bilan-2EME-trimestre-2015-JC.-IZZO.pdf\" target=\"_blank\">Bilan 2eme trimestre 2015 JC. IZZO<\/a><\/span><\/h4>\n<h4><span style=\"color: #0000ff\"><a style=\"color: #0000ff\" href=\"http:\/\/blog.addap13.net\/psc\/wp-content\/uploads\/sites\/11\/2015\/10\/Bilan-vacances-juillet.-ao\u00fbt-2015-JC.-IZZO.pdf\" target=\"_blank\">Bilan vacances juillet. ao\u00fbt 2015 JC. IZZO<\/a><\/span><\/h4>\n<h4><span style=\"color: #0000ff\"><a style=\"color: #0000ff\" href=\"http:\/\/blog.addap13.net\/psc\/wp-content\/uploads\/sites\/11\/2015\/10\/Bilan_Randonn\u00e9e-massif-de-l\u00e9toile-marseille.pdf\" target=\"_blank\">Bilan Randonn\u00e9e massif de l&rsquo;\u00e9toile Marseille<\/a><\/span><\/h4>\n<h4><span style=\"color: #0000ff\"><a style=\"color: #0000ff\" href=\"http:\/\/blog.addap13.net\/psc\/wp-content\/uploads\/sites\/11\/2015\/11\/Bilan-vacances-de-la-Toussaint-2015-JC.-IZZO.pdf\" target=\"_blank\">Bilan vacances de la Toussaint 2015 JC. IZZO<\/a><\/span><\/h4>\n<h4><span style=\"color: #0000ff\"><a style=\"color: #0000ff\" href=\"http:\/\/blog.addap13.net\/psc\/wp-content\/uploads\/sites\/11\/2015\/11\/BILAN-ANNUEL-2015.pdf\" target=\"_blank\" rel=\"\">Bilan annuel 2015<\/a><\/span><\/h4>\n<h4><span style=\"color: #0000ff\"><a style=\"color: #0000ff\" href=\"http:\/\/blog.addap13.net\/psc\/wp-content\/uploads\/sites\/11\/2015\/11\/Bilan-1er-trimestre-2016-JC.-IZZO.pdf\" target=\"_blank\">Bilan 1er trimestre 2016 JC. IZZO<\/a><\/span><\/h4>\n<h4><span style=\"color: #0000ff\"><a style=\"color: #0000ff\" href=\"http:\/\/blog.addap13.net\/psc\/wp-content\/uploads\/sites\/11\/2016\/10\/Bilan-e\u0301te\u0301-2016-Jean-Claude-Izzo.pptx\" target=\"_blank\">Bilan-ete-2016-JC Izzo<\/a><\/span><\/h4>\n","protected":false},"excerpt":{"rendered":"<p>Voici les derniers bilans pour le coll\u00e8ge Jean-Claude Izzo\u00a0: Bilan 2eme trimestre 2015 JC. IZZO Bilan vacances juillet. ao\u00fbt 2015 JC. IZZO Bilan Randonn\u00e9e massif de l&rsquo;\u00e9toile Marseille Bilan vacances de la Toussaint 2015 JC. IZZO Bilan annuel 2015 Bilan 1er trimestre 2016 JC. IZZO Bilan-ete-2016-JC Izzo<\/p>\n","protected":false},"author":5,"featured_media":0,"parent":30,"menu_order":0,"comment_status":"closed","ping_status":"closed","template":"","meta":{"footnotes":""},"class_list":["post-49","page","type-page","status-publish","hentry"],"_links":{"self":[{"href":"https:\/\/blog.addap13.net\/psc\/wp-json\/wp\/v2\/pages\/49","targetHints":{"allow":["GET"]}}],"collection":[{"href":"https:\/\/blog.addap13.net\/psc\/wp-json\/wp\/v2\/pages"}],"about":[{"href":"https:\/\/blog.addap13.net\/psc\/wp-json\/wp\/v2\/types\/page"}],"author":[{"embeddable":true,"href":"https:\/\/blog.addap13.net\/psc\/wp-json\/wp\/v2\/users\/5"}],"replies":[{"embeddable":true,"href":"https:\/\/blog.addap13.net\/psc\/wp-json\/wp\/v2\/comments?post=49"}],"version-history":[{"count":15,"href":"https:\/\/blog.addap13.net\/psc\/wp-json\/wp\/v2\/pages\/49\/revisions"}],"predecessor-version":[{"id":849,"href":"https:\/\/blog.addap13.net\/psc\/wp-json\/wp\/v2\/pages\/49\/revisions\/849"}],"up":[{"embeddable":true,"href":"https:\/\/blog.addap13.net\/psc\/wp-json\/wp\/v2\/pages\/30"}],"wp:attachment":[{"href":"https:\/\/blog.addap13.net\/psc\/wp-json\/wp\/v2\/media?parent=49"}],"curies":[{"name":"wp","href":"https:\/\/api.w.org\/{rel}","templated":true}]}}