{"id":50,"date":"2015-10-20T11:04:25","date_gmt":"2015-10-20T10:04:25","guid":{"rendered":"http:\/\/blog.addap13.net\/insertion\/?page_id=50"},"modified":"2016-02-10T11:44:03","modified_gmt":"2016-02-10T10:44:03","slug":"la-demarche","status":"publish","type":"page","link":"https:\/\/blog.addap13.net\/insertion\/la-demarche\/","title":{"rendered":"Comment postuler ?"},"content":{"rendered":"<p style=\"text-align: left\"><span style=\"color: #000000\">Le chantier d\u2019insertion est un outil\u00a0 pour les personnes \u00e9loign\u00e9es de l\u2019emploi. Nous ne demandons pas\u00a0 de comp\u00e9tences particuli\u00e8res de la part de nos futurs salari\u00e9s en insertion; ils seront form\u00e9s pendant le chantier par nos encadrants techniques.<\/span><\/p>\n<p style=\"text-align: left\"><span style=\"color: #000000\">Sur chaque chantier nous avons obligation de prendre 50% de personnes b\u00e9n\u00e9ficiaires du RSA socle et 50% de hors RSA.\u00a0Les personnes voulant s\u2019inscrire dans une\u00a0d\u00e9marche \u00ab\u00a0Chantier d\u2019insertion\u00a0\u00bb doivent \u00eatre envoy\u00e9es par un organisme prescripteur.<\/span><\/p>\n<p style=\"text-align: left\"><span style=\"color: #000000\">Uniquement Durant l\u2019ouverture de l\u2019offre.<\/span><\/p>\n<p style=\"text-align: left\"><span style=\"color: #000000\">\u00a0Les organismes prescripteurs sont :<\/span><\/p>\n<p style=\"text-align: left\"><span style=\"color: #000000\">P\u00f4le Emploi, le PLIE, le DAE 13, la Mission Locale, Arm\u00e9e du salut, ARCA, Cap emploi, SARA, L\u2019ADRIM, HPF, et le SPIP.<\/span><\/p>\n<p style=\"text-align: left\"><span style=\"color: #000000\"><i>\u00a0<\/i><\/span><\/p>\n<p style=\"text-align: left\"><span style=\"color: #000000\">Le recrutement se base sur plusieurs crit\u00e8res, comme la motivation au travail , l\u2019aptitude physique, la mobilit\u00e9, la capacit\u00e9 \u00e0 travailler en \u00e9quipe, respect des r\u00e8gles et des lois, le profil et l\u2019entretien de recrutement.<\/span><\/p>\n<p style=\"text-align: left\"><span style=\"color: #000000\">Apr\u00e8s les entretiens, une commission de validation se r\u00e9unit sous l\u2019\u00e9gide de p\u00f4le emploi, cette commission constitu\u00e9e de tous les prescripteurs valide notre liste de candidats ou nous fait changer quelques noms.<\/span><\/p>\n<p style=\"text-align: left\"><span style=\"color: #000000\">Les candidats retenus sont contact\u00e9s; d\u2019autres sont plac\u00e9s en liste d\u2019attente et seront contact\u00e9s dans les 6 mois \u00e0 venir en cas de sortie anticip\u00e9e de nos chantiers<\/span><\/p>\n<p style=\"text-align: left\"><span style=\"color: #000000\"><i>\u00a0<\/i><\/span><\/p>\n<p style=\"text-align: left\"><b><i>\u00a0<\/i><\/b><\/p>\n<p><b><i>\u00a0<\/i><\/b><\/p>\n<p>&nbsp;<\/p>\n","protected":false},"excerpt":{"rendered":"<p>Le chantier d\u2019insertion est un outil\u00a0 pour les personnes \u00e9loign\u00e9es de l\u2019emploi. Nous ne demandons pas\u00a0 de comp\u00e9tences particuli\u00e8res de la part de nos futurs salari\u00e9s en insertion; ils seront form\u00e9s pendant le chantier par nos encadrants techniques. Sur chaque chantier nous avons obligation de prendre 50% de personnes b\u00e9n\u00e9ficiaires du RSA socle et 50%<a class=\"button\" href=\"https:\/\/blog.addap13.net\/insertion\/la-demarche\/\" title=\"Read More\">Read more<\/a><\/p>\n","protected":false},"author":20,"featured_media":0,"parent":0,"menu_order":0,"comment_status":"closed","ping_status":"closed","template":"","meta":{"footnotes":""},"class_list":["post-50","page","type-page","status-publish","hentry"],"_links":{"self":[{"href":"https:\/\/blog.addap13.net\/insertion\/wp-json\/wp\/v2\/pages\/50","targetHints":{"allow":["GET"]}}],"collection":[{"href":"https:\/\/blog.addap13.net\/insertion\/wp-json\/wp\/v2\/pages"}],"about":[{"href":"https:\/\/blog.addap13.net\/insertion\/wp-json\/wp\/v2\/types\/page"}],"author":[{"embeddable":true,"href":"https:\/\/blog.addap13.net\/insertion\/wp-json\/wp\/v2\/users\/20"}],"replies":[{"embeddable":true,"href":"https:\/\/blog.addap13.net\/insertion\/wp-json\/wp\/v2\/comments?post=50"}],"version-history":[{"count":9,"href":"https:\/\/blog.addap13.net\/insertion\/wp-json\/wp\/v2\/pages\/50\/revisions"}],"predecessor-version":[{"id":249,"href":"https:\/\/blog.addap13.net\/insertion\/wp-json\/wp\/v2\/pages\/50\/revisions\/249"}],"wp:attachment":[{"href":"https:\/\/blog.addap13.net\/insertion\/wp-json\/wp\/v2\/media?parent=50"}],"curies":[{"name":"wp","href":"https:\/\/api.w.org\/{rel}","templated":true}]}}